{"id":8,"date":"2026-02-19T12:24:16","date_gmt":"2026-02-19T12:24:16","guid":{"rendered":"http:\/\/www.emmasjordemoderklinik.dk\/?page_id=8"},"modified":"2026-02-26T11:16:11","modified_gmt":"2026-02-26T11:16:11","slug":"homepage","status":"publish","type":"page","link":"https:\/\/www.emmasjordemoderklinik.dk\/","title":{"rendered":"Start"},"content":{"rendered":"\n<div class=\"wp-block-cover alignfull is-light\" style=\"min-height:100vh;aspect-ratio:unset;\"><video class=\"wp-block-cover__video-background intrinsic-ignore\" autoplay muted loop playsinline src=\"http:\/\/www.emmasjordemoderklinik.dk\/wp-content\/uploads\/2026\/02\/823f916c-8366-48e5-bd41-033c2f8b3c23.mp4\" data-object-fit=\"cover\"><\/video><span aria-hidden=\"true\" class=\"wp-block-cover__background has-background-dim-20 has-background-dim\" style=\"background-color:#FFF\"><\/span><div class=\"wp-block-cover__inner-container has-global-padding is-layout-constrained wp-block-cover-is-layout-constrained\">\n\n\n<h1 class=\"wp-block-heading has-text-align-center has-secondary-color has-text-color has-link-color wp-elements-0cf1512feabb61c4b6509638208f4f41\" style=\"font-size:clamp(36.954px, 2.31rem + ((1vw - 3.2px) * 2.747), 68px);letter-spacing:1px\">Emmas Jordemoderklinik<\/h1>\n\n\n\n<p class=\"has-text-align-center has-text-color has-link-color has-medium-font-size wp-elements-408d9dd7ab5cca8dcfde9ff36bc0dc4d wp-block-paragraph\" style=\"color:#f4f1ea;letter-spacing:1px\">Behandlinger og velv\u00e6re for gravide og nybagte m\u00f8dre<\/p>\n\n\n\n<div class=\"wp-block-buttons is-content-justification-center is-layout-flex wp-container-core-buttons-is-layout-d61d70aa wp-block-buttons-is-layout-flex\">\n<div class=\"wp-block-button is-style-outline is-style-outline--1\"><a class=\"wp-block-button__link has-text-color has-background wp-element-button\" href=\"http:\/\/www.emmasjordemoderklinik.dk\/?page_id=9\" style=\"border-radius:0px;color:#e97575;background-color:#f4f1ea\">Find din behandling her<\/a><\/div>\n<\/div>\n<\/div><\/div>\n\n\n\n<div class=\"wp-block-group has-global-padding is-layout-constrained wp-block-group-is-layout-constrained\">\n<div style=\"height:57px\" aria-hidden=\"true\" class=\"wp-block-spacer\"><\/div>\n\n\n\n<p class=\"wp-block-paragraph\"><\/p>\n\n\n\n<h2 class=\"wp-block-heading has-text-align-center has-secondary-color has-text-color has-link-color has-large-font-size wp-elements-0b0cb46c991d4e76c2f5ec28ba773d33\" style=\"letter-spacing:1px\">KLINIK I HJERTET AF AARHUS<\/h2>\n\n\n\n<p class=\"has-text-align-center has-text-color has-link-color wp-elements-cbcf8bc5bdf1731f0225d47050c589f3 wp-block-paragraph\" style=\"color:#bb9999;font-size:clamp(14.642px, 0.915rem + ((1vw - 3.2px) * 0.651), 22px);letter-spacing:1px\">Emmas Jordemoderklinik er et sted, hvor du kan lande, tr\u00e6kke vejret <br>og f\u00f8le dig tryg i en tid med store forandringer.<\/p>\n\n\n\n<p class=\"wp-block-paragraph\"><\/p>\n<\/div>\n\n\n\n<div id=\"services\" class=\"wp-block-group alignfull pattern_multiple_covers has-background has-global-padding is-layout-constrained wp-block-group-is-layout-constrained\">\n<h2 class=\"wp-block-heading has-text-align-left has-secondary-color has-text-color has-link-color wp-elements-2715286ca0233ea32b886476328ae43d\" style=\"letter-spacing:1px\">MINE BEHANDLINGER<\/h2>\n\n\n\n<p class=\"has-text-align-left has-text-color has-link-color has-medium-font-size wp-elements-917e11e4f5d58c519f4e801d4a7f7e98 wp-block-paragraph\" style=\"color:#bb9999;letter-spacing:1px\">Find den behandling, som passer bedst til dig. Hvis du har sp\u00f8rgsm\u00e5l, er du velkommen til at kontakte mig.<\/p>\n\n\n\n<div style=\"height:46px\" aria-hidden=\"true\" class=\"wp-block-spacer\"><\/div>\n\n\n\n<div class=\"wp-block-columns is-layout-flex wp-container-core-columns-is-layout-0e47273b wp-block-columns-is-layout-flex\">\n<div class=\"wp-block-column is-layout-flow wp-block-column-is-layout-flow\" style=\"padding-top:0;padding-right:0;padding-bottom:0;padding-left:0\">\n<div class=\"wp-block-cover has-custom-content-position is-position-bottom-left\" style=\"padding-top:var(--wp--preset--spacing--small);padding-right:var(--wp--preset--spacing--x-small);padding-bottom:var(--wp--preset--spacing--small);padding-left:var(--wp--preset--spacing--x-small)\"><img fetchpriority=\"high\" decoding=\"async\" width=\"819\" height=\"1024\" class=\"wp-block-cover__image-background wp-image-81 size-large\" alt=\"\" src=\"http:\/\/www.emmasjordemoderklinik.dk\/wp-content\/uploads\/2026\/02\/26-819x1024.jpg\" data-object-fit=\"cover\" srcset=\"https:\/\/www.emmasjordemoderklinik.dk\/wp-content\/uploads\/2026\/02\/26-819x1024.jpg 819w, https:\/\/www.emmasjordemoderklinik.dk\/wp-content\/uploads\/2026\/02\/26-240x300.jpg 240w, https:\/\/www.emmasjordemoderklinik.dk\/wp-content\/uploads\/2026\/02\/26.jpg 1080w\" sizes=\"(max-width: 819px) 100vw, 819px\" \/><span aria-hidden=\"true\" class=\"wp-block-cover__background has-primary-background-color has-background-dim-70 has-background-dim\"><\/span><div class=\"wp-block-cover__inner-container is-layout-flow wp-block-cover-is-layout-flow\">\n<h3 class=\"wp-block-heading has-secondary-color has-text-color has-medium-font-size\" style=\"margin-top:0;margin-right:0;margin-bottom:0;margin-left:0\">Massage og rebozo<\/h3>\n\n\n\n<p class=\"has-text-color has-link-color wp-elements-b4f278cbded0c08616521253647a0f5b wp-block-paragraph\" style=\"color:#bb9999;margin-top:0;margin-right:0;margin-bottom:0;margin-left:0\"><a href=\"http:\/\/www.emmasjordemoderklinik.dk\/?page_id=9\" data-type=\"link\" data-id=\"http:\/\/www.emmasjordemoderklinik.dk\/?page_id=9\">L\u00e6s mere \u2192<\/a><\/p>\n<\/div><\/div>\n<\/div>\n\n\n\n<div class=\"wp-block-column is-layout-flow wp-block-column-is-layout-flow\" style=\"padding-top:0;padding-right:0;padding-bottom:0;padding-left:0\">\n<div class=\"wp-block-cover has-custom-content-position is-position-bottom-left\" style=\"padding-top:var(--wp--preset--spacing--small);padding-right:var(--wp--preset--spacing--x-small);padding-bottom:var(--wp--preset--spacing--small);padding-left:var(--wp--preset--spacing--x-small)\"><img decoding=\"async\" width=\"819\" height=\"1024\" class=\"wp-block-cover__image-background wp-image-99 size-large\" alt=\"\" src=\"http:\/\/www.emmasjordemoderklinik.dk\/wp-content\/uploads\/2026\/02\/27-1-819x1024.jpg\" data-object-fit=\"cover\" srcset=\"https:\/\/www.emmasjordemoderklinik.dk\/wp-content\/uploads\/2026\/02\/27-1-819x1024.jpg 819w, https:\/\/www.emmasjordemoderklinik.dk\/wp-content\/uploads\/2026\/02\/27-1-240x300.jpg 240w, https:\/\/www.emmasjordemoderklinik.dk\/wp-content\/uploads\/2026\/02\/27-1.jpg 1080w\" sizes=\"(max-width: 819px) 100vw, 819px\" \/><span aria-hidden=\"true\" class=\"wp-block-cover__background has-primary-background-color has-background-dim-70 has-background-dim\"><\/span><div class=\"wp-block-cover__inner-container is-layout-flow wp-block-cover-is-layout-flow\">\n<h3 class=\"wp-block-heading has-secondary-color has-text-color has-medium-font-size\" style=\"margin-top:0;margin-right:0;margin-bottom:0;margin-left:0\">Akupunktur<\/h3>\n\n\n\n<p class=\"has-text-color has-link-color wp-elements-b4f278cbded0c08616521253647a0f5b wp-block-paragraph\" style=\"color:#bb9999;margin-top:0;margin-right:0;margin-bottom:0;margin-left:0\"><a href=\"http:\/\/www.emmasjordemoderklinik.dk\/?page_id=9\" data-type=\"link\" data-id=\"http:\/\/www.emmasjordemoderklinik.dk\/?page_id=9\">L\u00e6s mere \u2192<\/a><\/p>\n<\/div><\/div>\n<\/div>\n\n\n\n<div class=\"wp-block-column is-layout-flow wp-block-column-is-layout-flow\" style=\"padding-top:0;padding-right:0;padding-bottom:0;padding-left:0\">\n<div class=\"wp-block-cover has-custom-content-position is-position-bottom-left\" style=\"padding-top:var(--wp--preset--spacing--small);padding-right:var(--wp--preset--spacing--x-small);padding-bottom:var(--wp--preset--spacing--small);padding-left:var(--wp--preset--spacing--x-small)\"><img decoding=\"async\" width=\"819\" height=\"1024\" class=\"wp-block-cover__image-background wp-image-98 size-large\" alt=\"\" src=\"http:\/\/www.emmasjordemoderklinik.dk\/wp-content\/uploads\/2026\/02\/emmas-jordemoderklinik-819x1024.jpg\" data-object-fit=\"cover\" srcset=\"https:\/\/www.emmasjordemoderklinik.dk\/wp-content\/uploads\/2026\/02\/emmas-jordemoderklinik-819x1024.jpg 819w, https:\/\/www.emmasjordemoderklinik.dk\/wp-content\/uploads\/2026\/02\/emmas-jordemoderklinik-240x300.jpg 240w, https:\/\/www.emmasjordemoderklinik.dk\/wp-content\/uploads\/2026\/02\/emmas-jordemoderklinik.jpg 1080w\" sizes=\"(max-width: 819px) 100vw, 819px\" \/><span aria-hidden=\"true\" class=\"wp-block-cover__background has-primary-background-color has-background-dim-70 has-background-dim\"><\/span><div class=\"wp-block-cover__inner-container is-layout-flow wp-block-cover-is-layout-flow\">\n<h3 class=\"wp-block-heading has-secondary-color has-text-color has-medium-font-size\" style=\"margin-top:0;margin-right:0;margin-bottom:0;margin-left:0\">Jordemodersamtaler<\/h3>\n\n\n\n<p class=\"has-text-color has-link-color wp-elements-b4f278cbded0c08616521253647a0f5b wp-block-paragraph\" style=\"color:#bb9999;margin-top:0;margin-right:0;margin-bottom:0;margin-left:0\"><a href=\"http:\/\/www.emmasjordemoderklinik.dk\/?page_id=9\" data-type=\"link\" data-id=\"http:\/\/www.emmasjordemoderklinik.dk\/?page_id=9\">L\u00e6s mere \u2192<\/a><\/p>\n<\/div><\/div>\n<\/div>\n<\/div>\n\n\n<a class=\"wp-block-read-more\" href=\"https:\/\/www.emmasjordemoderklinik.dk\/\" target=\"_self\">L\u00e6s mere<span class=\"screen-reader-text\">: Start<\/span><\/a><\/div>\n\n\n\n<div class=\"wp-block-group alignfull has-global-padding is-layout-constrained wp-block-group-is-layout-constrained\">\n<div class=\"wp-block-group has-global-padding is-layout-constrained wp-block-group-is-layout-constrained\" style=\"padding-top:var(--wp--preset--spacing--small);padding-bottom:var(--wp--preset--spacing--small)\">\n<div style=\"height:30px\" aria-hidden=\"true\" class=\"wp-block-spacer\"><\/div>\n\n\n\n<div class=\"wp-block-columns is-layout-flex wp-container-core-columns-is-layout-596ee089 wp-block-columns-is-layout-flex\">\n<div class=\"wp-block-column is-vertically-aligned-center is-layout-flow wp-block-column-is-layout-flow\">\n<h2 class=\"wp-block-heading has-secondary-color has-text-color has-link-color has-medium-font-size wp-elements-d2e0dd26d92590a2beb54cb158e4618a\" style=\"letter-spacing:1px;text-transform:uppercase\">Jordemoder Emma<\/h2>\n\n\n\n<p class=\"has-text-color has-link-color wp-elements-9b66a8616878e6cc3aa89a3cbbf0d1f0 wp-block-paragraph\" style=\"color:#bb9999;letter-spacing:1px\">Jeg er uddannet jordemoder og med br\u00e6ndende passion for gravide og nybagte m\u00f8dres velv\u00e6re, tilbyder jeg behandlinger for at fremme velv\u00e6ren i din graviditet.<\/p>\n\n\n\n<div class=\"wp-block-buttons is-horizontal is-content-justification-left is-layout-flex wp-container-core-buttons-is-layout-3177425e wp-block-buttons-is-layout-flex\">\n<div class=\"wp-block-button is-style-outline is-style-outline--2\"><a class=\"wp-block-button__link has-secondary-color has-text-color has-background has-link-color wp-element-button\" href=\"http:\/\/www.emmasjordemoderklinik.dk\/?page_id=11\" style=\"border-radius:0px;background-color:#f4f1ea\">OM JORDEMODER EMMA<\/a><\/div>\n<\/div>\n<\/div>\n\n\n\n<div class=\"wp-block-column is-layout-flow wp-block-column-is-layout-flow\">\n<figure class=\"wp-block-image size-large is-resized\"><img loading=\"lazy\" decoding=\"async\" width=\"768\" height=\"1024\" src=\"http:\/\/www.emmasjordemoderklinik.dk\/wp-content\/uploads\/2026\/02\/677ba4eb-3994-49c4-8665-573098204f36-768x1024.jpeg\" alt=\"\" class=\"wp-image-41\" style=\"aspect-ratio:0.7500050512193643;width:418px;height:auto\" srcset=\"https:\/\/www.emmasjordemoderklinik.dk\/wp-content\/uploads\/2026\/02\/677ba4eb-3994-49c4-8665-573098204f36-768x1024.jpeg 768w, https:\/\/www.emmasjordemoderklinik.dk\/wp-content\/uploads\/2026\/02\/677ba4eb-3994-49c4-8665-573098204f36-225x300.jpeg 225w, https:\/\/www.emmasjordemoderklinik.dk\/wp-content\/uploads\/2026\/02\/677ba4eb-3994-49c4-8665-573098204f36.jpeg 1536w\" sizes=\"(max-width: 768px) 100vw, 768px\" \/><\/figure>\n<\/div>\n<\/div>\n\n\n\n<div style=\"height:30px\" aria-hidden=\"true\" class=\"wp-block-spacer\"><\/div>\n<\/div>\n<\/div>\n\n\n\n<div class=\"wp-block-group alignfull has-background has-global-padding is-layout-constrained wp-block-group-is-layout-constrained\">\n<div class=\"wp-block-group has-global-padding is-layout-constrained wp-block-group-is-layout-constrained\" style=\"padding-top:var(--wp--preset--spacing--small);padding-bottom:var(--wp--preset--spacing--small)\">\n<div class=\"wp-block-columns are-vertically-aligned-center is-layout-flex wp-container-core-columns-is-layout-596ee089 wp-block-columns-is-layout-flex\">\n<div class=\"wp-block-column is-vertically-aligned-center is-layout-flow wp-block-column-is-layout-flow\">\n<figure class=\"wp-block-image size-large\"><img loading=\"lazy\" decoding=\"async\" width=\"819\" height=\"1024\" src=\"http:\/\/www.emmasjordemoderklinik.dk\/wp-content\/uploads\/2026\/02\/emmas-jordemoderklinik-1-1-819x1024.jpg\" alt=\"\" class=\"wp-image-100\" srcset=\"https:\/\/www.emmasjordemoderklinik.dk\/wp-content\/uploads\/2026\/02\/emmas-jordemoderklinik-1-1-819x1024.jpg 819w, https:\/\/www.emmasjordemoderklinik.dk\/wp-content\/uploads\/2026\/02\/emmas-jordemoderklinik-1-1-240x300.jpg 240w, https:\/\/www.emmasjordemoderklinik.dk\/wp-content\/uploads\/2026\/02\/emmas-jordemoderklinik-1-1.jpg 1080w\" sizes=\"(max-width: 819px) 100vw, 819px\" \/><\/figure>\n<\/div>\n\n\n\n<div class=\"wp-block-column is-vertically-aligned-center is-layout-flow wp-block-column-is-layout-flow\">\n<h2 class=\"wp-block-heading has-secondary-color has-text-color has-link-color has-medium-font-size wp-elements-d9736bff6307761c3404c2308d02655e\" style=\"letter-spacing:1px;text-transform:uppercase\">Book tid til velv\u00e6re <br>i din graviditet <br>og som nybagt mor<\/h2>\n\n\n\n<div class=\"wp-block-buttons is-layout-flex wp-block-buttons-is-layout-flex\">\n<div class=\"wp-block-button is-style-outline is-style-outline--3\"><a class=\"wp-block-button__link has-secondary-color has-text-color has-background has-link-color wp-element-button\" href=\"http:\/\/www.emmasjordemoderklinik.dk\/?page_id=19\" style=\"border-radius:0px;background-color:#f4f1ea\">BOOK HER<\/a><\/div>\n<\/div>\n<\/div>\n<\/div>\n\n\n\n<div style=\"height:30px\" aria-hidden=\"true\" class=\"wp-block-spacer\"><\/div>\n<\/div>\n<\/div>\n\n\n\n<div class=\"wp-block-cover alignfull is-light is-position-center-center\" style=\"border-radius:0px\"><video class=\"wp-block-cover__video-background intrinsic-ignore\" autoplay muted loop playsinline src=\"http:\/\/www.emmasjordemoderklinik.dk\/wp-content\/uploads\/2026\/02\/823f916c-8366-48e5-bd41-033c2f8b3c23-1.mp4\" data-object-fit=\"cover\"><\/video><span aria-hidden=\"true\" class=\"wp-block-cover__background has-black-background-color has-background-dim-40 has-background-dim\"><\/span><div class=\"wp-block-cover__inner-container is-layout-flow wp-block-cover-is-layout-flow\">\n<div class=\"wp-block-group has-global-padding is-layout-constrained wp-block-group-is-layout-constrained\">\n<h3 class=\"wp-block-heading has-text-align-center has-secondary-color has-text-color has-medium-font-size\" style=\"letter-spacing:1px;text-transform:uppercase\">JEG GL\u00c6DER MIG TIL AT BYDE DIG VELKOMMEN I KLINIKKEN<\/h3>\n\n\n\n<p class=\"has-text-align-center has-text-color has-link-color has-medium-font-size wp-elements-9192460b91bf6704be5fb7a05fd1557b wp-block-paragraph\" style=\"color:#bb9999;letter-spacing:1px\">Emmas Jordemoderklinik er et sted, hvor du kan lande, tr\u00e6kke vejret <br>og f\u00f8le dig tryg i en tid med store forandringer<\/p>\n\n\n\n<div style=\"height:31px\" aria-hidden=\"true\" class=\"wp-block-spacer\"><\/div>\n\n\n\n<div class=\"wp-block-buttons is-horizontal is-content-justification-center is-layout-flex wp-container-core-buttons-is-layout-a9e21a43 wp-block-buttons-is-layout-flex\">\n<div class=\"wp-block-button is-style-outline is-style-outline--4\"><a class=\"wp-block-button__link has-secondary-color has-text-color wp-element-button\" href=\"http:\/\/www.emmasjordemoderklinik.dk\/?page_id=10\" style=\"border-radius:0px\">KONTAKT KLINIKKEN<\/a><\/div>\n<\/div>\n<\/div>\n<\/div><\/div>\n\n\n\n<p class=\"wp-block-paragraph\"><\/p>\n\n\n\n<p class=\"wp-block-paragraph\"><\/p>\n","protected":false},"excerpt":{"rendered":"<p>KLINIK I HJERTET AF AARHUS Emmas Jordemoderklinik er et sted, hvor du kan lande, tr\u00e6kke vejret og f\u00f8le dig tryg i en tid med store forandringer. MINE BEHANDLINGER Find den behandling, som passer bedst til dig. Hvis du har sp\u00f8rgsm\u00e5l, er du velkommen til at kontakte mig. Jordemoder Emma Jeg er uddannet jordemoder og med &hellip; <\/p>\n<p class=\"link-more\"><a href=\"https:\/\/www.emmasjordemoderklinik.dk\/\" class=\"more-link\">L\u00e6s mere<span class=\"screen-reader-text\"> \u201cStart\u201d<\/span><\/a><\/p>\n","protected":false},"author":1,"featured_media":0,"parent":0,"menu_order":0,"comment_status":"closed","ping_status":"closed","template":"page-templates\/homepage-builder-bb.php","meta":{"_crdt_document":"","_inspiro_hide_title":true,"footnotes":""},"class_list":["post-8","page","type-page","status-publish","hentry"],"_links":{"self":[{"href":"https:\/\/www.emmasjordemoderklinik.dk\/index.php?rest_route=\/wp\/v2\/pages\/8","targetHints":{"allow":["GET"]}}],"collection":[{"href":"https:\/\/www.emmasjordemoderklinik.dk\/index.php?rest_route=\/wp\/v2\/pages"}],"about":[{"href":"https:\/\/www.emmasjordemoderklinik.dk\/index.php?rest_route=\/wp\/v2\/types\/page"}],"author":[{"embeddable":true,"href":"https:\/\/www.emmasjordemoderklinik.dk\/index.php?rest_route=\/wp\/v2\/users\/1"}],"replies":[{"embeddable":true,"href":"https:\/\/www.emmasjordemoderklinik.dk\/index.php?rest_route=%2Fwp%2Fv2%2Fcomments&post=8"}],"version-history":[{"count":30,"href":"https:\/\/www.emmasjordemoderklinik.dk\/index.php?rest_route=\/wp\/v2\/pages\/8\/revisions"}],"predecessor-version":[{"id":317,"href":"https:\/\/www.emmasjordemoderklinik.dk\/index.php?rest_route=\/wp\/v2\/pages\/8\/revisions\/317"}],"wp:attachment":[{"href":"https:\/\/www.emmasjordemoderklinik.dk\/index.php?rest_route=%2Fwp%2Fv2%2Fmedia&parent=8"}],"curies":[{"name":"wp","href":"https:\/\/api.w.org\/{rel}","templated":true}]}}