{"id":208,"date":"2026-02-22T15:21:42","date_gmt":"2026-02-22T15:21:42","guid":{"rendered":"http:\/\/www.emmasjordemoderklinik.dk\/?page_id=208"},"modified":"2026-03-01T13:01:55","modified_gmt":"2026-03-01T13:01:55","slug":"jordemodersamtale","status":"publish","type":"page","link":"http:\/\/www.emmasjordemoderklinik.dk\/?page_id=208","title":{"rendered":"Jordemodersamtale"},"content":{"rendered":"\n<h3 class=\"wp-block-heading has-secondary-color has-text-color has-link-color wp-elements-db2eb63cff866e2a9f8136fbdca037ca\" style=\"font-size:clamp(17.905px, 1.119rem + ((1vw - 3.2px) * 0.893), 28px);letter-spacing:1px\">JORDEMODERSAMTALE<\/h3>\n\n\n\n<p class=\"has-text-color has-link-color has-medium-font-size wp-elements-e72471c435160731396f43ab2b79fa98 wp-block-paragraph\" style=\"color:#bb9999;letter-spacing:1px\">At v\u00e6re gravid rejser b\u00e5de gl\u00e6de, sp\u00f8rgsm\u00e5l og bekymringer. I en jordemoderkonsultation hos mig f\u00e5r du tid, ro og n\u00e6rv\u00e6r \u2013 et trygt rum, hvor du og din graviditet er i centrum. Sammen styrker vi din tillid til kroppen, forbereder dig p\u00e5 f\u00f8dslen og lader samtalen dreje sig om det, der giver dig ro i maven.<\/p>\n\n\n\n<p class=\"has-text-color has-link-color has-medium-font-size wp-elements-1037ddedcb3f0ad0f5ed8fbd6af9e708 wp-block-paragraph\" style=\"color:#bb9999;letter-spacing:1px\">Der bliver b\u00e5de tid til samtale, udvendig unders\u00f8gelse, blodtryk, unders\u00f8gelse af urin og hjertelyd. Derfor kan denne konsultation v\u00e6re en erstatning for en konsultation i det offentlige. Hav derfor gerne din vandrejournal med.<br><br>Du har mulighed for at f\u00e5 tilskud fra Sygeforsikringen &#8220;danmark&#8221;.<\/p>\n\n\n\n<p class=\"wp-block-paragraph\"><\/p>\n","protected":false},"excerpt":{"rendered":"<p>JORDEMODERSAMTALE At v\u00e6re gravid rejser b\u00e5de gl\u00e6de, sp\u00f8rgsm\u00e5l og bekymringer. I en jordemoderkonsultation hos mig f\u00e5r du tid, ro og n\u00e6rv\u00e6r \u2013 et trygt rum, hvor du og din graviditet er i centrum. Sammen styrker vi din tillid til kroppen, forbereder dig p\u00e5 f\u00f8dslen og lader samtalen dreje sig om det, der giver dig ro &hellip; <\/p>\n<p class=\"link-more\"><a href=\"http:\/\/www.emmasjordemoderklinik.dk\/?page_id=208\" class=\"more-link\">L\u00e6s mere<span class=\"screen-reader-text\"> \u201cJordemodersamtale\u201d<\/span><\/a><\/p>\n","protected":false},"author":1,"featured_media":0,"parent":0,"menu_order":0,"comment_status":"closed","ping_status":"closed","template":"","meta":{"_crdt_document":"","_inspiro_hide_title":false,"footnotes":""},"class_list":["post-208","page","type-page","status-publish","hentry"],"_links":{"self":[{"href":"http:\/\/www.emmasjordemoderklinik.dk\/index.php?rest_route=\/wp\/v2\/pages\/208","targetHints":{"allow":["GET"]}}],"collection":[{"href":"http:\/\/www.emmasjordemoderklinik.dk\/index.php?rest_route=\/wp\/v2\/pages"}],"about":[{"href":"http:\/\/www.emmasjordemoderklinik.dk\/index.php?rest_route=\/wp\/v2\/types\/page"}],"author":[{"embeddable":true,"href":"http:\/\/www.emmasjordemoderklinik.dk\/index.php?rest_route=\/wp\/v2\/users\/1"}],"replies":[{"embeddable":true,"href":"http:\/\/www.emmasjordemoderklinik.dk\/index.php?rest_route=%2Fwp%2Fv2%2Fcomments&post=208"}],"version-history":[{"count":3,"href":"http:\/\/www.emmasjordemoderklinik.dk\/index.php?rest_route=\/wp\/v2\/pages\/208\/revisions"}],"predecessor-version":[{"id":324,"href":"http:\/\/www.emmasjordemoderklinik.dk\/index.php?rest_route=\/wp\/v2\/pages\/208\/revisions\/324"}],"wp:attachment":[{"href":"http:\/\/www.emmasjordemoderklinik.dk\/index.php?rest_route=%2Fwp%2Fv2%2Fmedia&parent=208"}],"curies":[{"name":"wp","href":"https:\/\/api.w.org\/{rel}","templated":true}]}}