{"id":152,"date":"2026-02-23T11:50:36","date_gmt":"2026-02-23T11:50:36","guid":{"rendered":"http:\/\/www.emmasjordemoderklinik.dk\/?page_id=152"},"modified":"2026-03-01T13:02:13","modified_gmt":"2026-03-01T13:02:13","slug":"efterfoedselssamtale","status":"publish","type":"page","link":"http:\/\/www.emmasjordemoderklinik.dk\/?page_id=152","title":{"rendered":"Efterf\u00f8dselssamtale"},"content":{"rendered":"\n<h3 class=\"wp-block-heading has-secondary-color has-text-color has-link-color wp-elements-cecc9f96002240e78ac779b05006558e\" style=\"font-size:clamp(17.905px, 1.119rem + ((1vw - 3.2px) * 0.893), 28px);letter-spacing:1px\">Efterf\u00f8dselssamtale<\/h3>\n\n\n\n<p class=\"has-text-color has-link-color has-medium-font-size wp-elements-f2e1722db172ede1c995fb51fbf37f3f wp-block-paragraph\" style=\"color:#bb9999;letter-spacing:1px\">En efterf\u00f8dselssamtale er et trygt rum kun til dig \u2013 hvor din f\u00f8dselshistorie bliver lyttet til med ro, faglighed og omsorg.<\/p>\n\n\n\n<p class=\"has-text-color has-link-color has-medium-font-size wp-elements-45fe9a12c5c76e52ec582c26555ba534 wp-block-paragraph\" style=\"color:#bb9999;letter-spacing:1px\">Hvad kan en efterf\u00f8dselssamtale give dig?<\/p>\n\n\n\n<ul class=\"wp-block-list\">\n<li class=\"has-text-color has-link-color has-medium-font-size wp-elements-b5e120fb1d57a451432af537b193b3c1\" style=\"color:#bb9999;letter-spacing:1px\">Hj\u00e6lp til at forst\u00e5 og bearbejde din f\u00f8dselsoplevelse<\/li>\n\n\n\n<li class=\"has-text-color has-link-color has-medium-font-size wp-elements-c82d658930ce9188be74e047b3183dac\" style=\"color:#bb9999;letter-spacing:1px\">Plads til de f\u00f8lelser, der m\u00e5ske fylder \u2013 ogs\u00e5 de ambivalente<\/li>\n\n\n\n<li class=\"has-text-color has-link-color has-medium-font-size wp-elements-5153b5e6fb91b701d80bcbed59b64101\" style=\"color:#bb9999;letter-spacing:1px\">Sammenh\u00e6ng i et forl\u00f8b, der kan have f\u00f8ltes kaotisk<\/li>\n\n\n\n<li class=\"has-text-color has-link-color has-medium-font-size wp-elements-81b5b34dc3d587821232286397ad83f2\" style=\"color:#bb9999;letter-spacing:1px\">Styrket tillid til din krop og dig selv<\/li>\n\n\n\n<li class=\"has-text-color has-link-color has-medium-font-size wp-elements-8b6018a7dda1256de7e910b4384724e0\" style=\"color:#bb9999;letter-spacing:1px\">Ro i nervesystemet og st\u00f8rre indre klarhed<\/li>\n<\/ul>\n\n\n\n<p class=\"has-text-color has-link-color has-medium-font-size wp-elements-84070435bf722cdcadd30fa53bf57ad7 wp-block-paragraph\" style=\"color:#bb9999;letter-spacing:1px\">N\u00e5r vi s\u00e6tter ord p\u00e5 det, vi har oplevet, falder brikkerne ofte p\u00e5 plads. Mange m\u00f8dre oplever en lettelse \u2013 som om noget slipper.<\/p>\n\n\n\n<p class=\"has-text-color has-link-color has-medium-font-size wp-elements-7b3fde37ede093d05ce64bf08b33ad30 wp-block-paragraph\" style=\"color:#bb9999;letter-spacing:1px\">Som nybagt mor er fokus naturligt p\u00e5 baby. Men din oplevelse betyder noget. Din f\u00f8dsel er en del af din overgang til moderskabet \u2013 og den fortjener omsorg.<\/p>\n\n\n\n<p class=\"has-text-color has-link-color has-medium-font-size wp-elements-9f03c519c99f0c8b64d8da0429293f07 wp-block-paragraph\" style=\"color:#bb9999;letter-spacing:1px\">En efterf\u00f8dselssamtale er ikke kun for dig, der havde en sv\u00e6r f\u00f8dsel. Den er for alle, der \u00f8nsker at lande, forst\u00e5 og integrere den oplevelse, de har v\u00e6ret igennem.<\/p>\n\n\n\n<p class=\"has-text-color has-link-color has-medium-font-size wp-elements-cd22cfd497ee7e758ae1aac23e8f6904 wp-block-paragraph\" style=\"color:#bb9999;letter-spacing:1px\">Det er en investering i din trivsel \u2013 og i den mor, du er ved at finde ind i.<\/p>\n\n\n\n<p class=\"has-text-color has-link-color has-medium-font-size wp-elements-275b987b69195f9f1c5a2416f3d3b85a wp-block-paragraph\" style=\"color:#bb9999;letter-spacing:1px\">Book din tid og giv din historie den plads, den fortjener<br><br>Du har mulighed for at f\u00e5 tilskud fra Sygeforsikringen &#8220;danmark&#8221;.<\/p>\n","protected":false},"excerpt":{"rendered":"<p>Efterf\u00f8dselssamtale En efterf\u00f8dselssamtale er et trygt rum kun til dig \u2013 hvor din f\u00f8dselshistorie bliver lyttet til med ro, faglighed og omsorg. Hvad kan en efterf\u00f8dselssamtale give dig? N\u00e5r vi s\u00e6tter ord p\u00e5 det, vi har oplevet, falder brikkerne ofte p\u00e5 plads. Mange m\u00f8dre oplever en lettelse \u2013 som om noget slipper. Som nybagt mor &hellip; <\/p>\n<p class=\"link-more\"><a href=\"http:\/\/www.emmasjordemoderklinik.dk\/?page_id=152\" class=\"more-link\">L\u00e6s mere<span class=\"screen-reader-text\"> \u201cEfterf\u00f8dselssamtale\u201d<\/span><\/a><\/p>\n","protected":false},"author":1,"featured_media":0,"parent":0,"menu_order":0,"comment_status":"closed","ping_status":"closed","template":"","meta":{"_crdt_document":"","_inspiro_hide_title":false,"footnotes":""},"class_list":["post-152","page","type-page","status-publish","hentry"],"_links":{"self":[{"href":"http:\/\/www.emmasjordemoderklinik.dk\/index.php?rest_route=\/wp\/v2\/pages\/152","targetHints":{"allow":["GET"]}}],"collection":[{"href":"http:\/\/www.emmasjordemoderklinik.dk\/index.php?rest_route=\/wp\/v2\/pages"}],"about":[{"href":"http:\/\/www.emmasjordemoderklinik.dk\/index.php?rest_route=\/wp\/v2\/types\/page"}],"author":[{"embeddable":true,"href":"http:\/\/www.emmasjordemoderklinik.dk\/index.php?rest_route=\/wp\/v2\/users\/1"}],"replies":[{"embeddable":true,"href":"http:\/\/www.emmasjordemoderklinik.dk\/index.php?rest_route=%2Fwp%2Fv2%2Fcomments&post=152"}],"version-history":[{"count":5,"href":"http:\/\/www.emmasjordemoderklinik.dk\/index.php?rest_route=\/wp\/v2\/pages\/152\/revisions"}],"predecessor-version":[{"id":325,"href":"http:\/\/www.emmasjordemoderklinik.dk\/index.php?rest_route=\/wp\/v2\/pages\/152\/revisions\/325"}],"wp:attachment":[{"href":"http:\/\/www.emmasjordemoderklinik.dk\/index.php?rest_route=%2Fwp%2Fv2%2Fmedia&parent=152"}],"curies":[{"name":"wp","href":"https:\/\/api.w.org\/{rel}","templated":true}]}}