{"id":144,"date":"2026-02-22T15:22:05","date_gmt":"2026-02-22T15:22:05","guid":{"rendered":"http:\/\/www.emmasjordemoderklinik.dk\/?page_id=144"},"modified":"2026-03-01T13:04:42","modified_gmt":"2026-03-01T13:04:42","slug":"efterfoedselsmassage","status":"publish","type":"page","link":"http:\/\/www.emmasjordemoderklinik.dk\/?page_id=144","title":{"rendered":"Efterf\u00f8dselsmassage"},"content":{"rendered":"\n<h3 class=\"wp-block-heading has-secondary-color has-text-color has-link-color wp-elements-fd4bfcdf0ea608d42622ede7392cb132\" style=\"font-size:clamp(17.905px, 1.119rem + ((1vw - 3.2px) * 0.893), 28px);letter-spacing:1px\">EFTERF\u00d8DSELSMASSAGE<\/h3>\n\n\n\n<p class=\"has-text-color has-link-color has-medium-font-size wp-elements-f8645ef0940ff3e1756ca2402b01bf26 wp-block-paragraph\" style=\"color:#bb9999;letter-spacing:1px\">Tiden efter f\u00f8dslen er smuk, intens og kr\u00e6vende. Din krop har pr\u00e6steret noget stort \u2013 og fortjener omsorg, ro og tid til at hele. Efterf\u00f8dselsmassage er en blid og n\u00e6nsom behandling, der st\u00f8tter kroppens restitution og giver dig et velfortjent pusterum.<\/p>\n\n\n\n<p class=\"has-text-color has-link-color has-medium-font-size wp-elements-445afc43f42614e036020cefb75948a6 wp-block-paragraph\" style=\"color:#bb9999;letter-spacing:1px\">Massagen kan lindre sp\u00e6ndinger i nakke, skuldre, ryg og l\u00e6nd, som ofte opst\u00e5r efter graviditet, f\u00f8dsel og mange timer med amning, l\u00f8ft og v\u00e5gne n\u00e6tter. Samtidig kan den skabe ro i nervesystemet og give dig fornyet energi i en ny hverdag.<\/p>\n\n\n\n<p class=\"has-text-color has-link-color has-medium-font-size wp-elements-6f6162151923be15f375ac16c6e73cba wp-block-paragraph\" style=\"color:#bb9999;letter-spacing:1px\">Hos mig er der plads til dig, pr\u00e6cis som du er. Behandlingen tilpasses din krop, dit f\u00f8dselsforl\u00f8b og hvor du er i barslen \u2013 med fokus p\u00e5 tryghed, n\u00e6rv\u00e6r og faglig omsorg.<\/p>\n\n\n\n<p class=\"has-text-color has-link-color has-medium-font-size wp-elements-adb4e8d34bda401e4beeaf1b948e357d wp-block-paragraph\" style=\"color:#bb9999;letter-spacing:1px\">Du f\u00e5r:<\/p>\n\n\n\n<ul style=\"color:#bb9999;letter-spacing:1px\" class=\"wp-block-list has-text-color has-link-color has-medium-font-size wp-elements-60d0186c9824f459a9e67b0705573a86\">\n<li>Lindring af \u00f8mme og tr\u00e6tte muskler<\/li>\n<\/ul>\n\n\n\n<ul style=\"color:#bb9999;letter-spacing:1px\" class=\"wp-block-list has-text-color has-link-color has-medium-font-size wp-elements-8ab4c0cc476170144d1e863d878b1f10\">\n<li>St\u00f8tte til kroppens naturlige heling<\/li>\n<\/ul>\n\n\n\n<ul style=\"color:#bb9999;letter-spacing:1px\" class=\"wp-block-list has-text-color has-link-color has-medium-font-size wp-elements-9fe8151fe156029a658a3e7d41cc24bb\">\n<li>En pause med ro, n\u00e6rv\u00e6r og selvomsorg<\/li>\n<\/ul>\n\n\n\n<p class=\"has-text-color has-link-color has-medium-font-size wp-elements-a63d29899ab34b0a982a406c52f54d6e wp-block-paragraph\" style=\"color:#bb9999;letter-spacing:1px\">Giv dig selv lov til at blive taget h\u00e5nd om \u2013 ogs\u00e5 efter f\u00f8dslen.<\/p>\n\n\n\n<p class=\"has-text-color has-link-color has-medium-font-size wp-elements-69e1f11df155a838ff76839e105140cf wp-block-paragraph\" style=\"color:#bb9999;letter-spacing:1px\">Book din tid og lad kroppen f\u00e5 den omsorg, den fortjener.<br><br>Du har mulighed for at f\u00e5 tilskud fra Sygeforsikringen &#8220;danmark&#8221; ved tilk\u00f8b af efterf\u00f8dselssamtale.<\/p>\n\n\n\n<div class=\"wp-block-buttons is-layout-flex wp-block-buttons-is-layout-flex\">\n<div class=\"wp-block-button\"><a class=\"wp-block-button__link has-secondary-background-color has-text-color has-background has-link-color wp-element-button\" href=\"https:\/\/www.emmasjordemoderklinik.dk\/?page_id=152\" style=\"color:#f4f1ea\">L\u00e6s mere om efterf\u00f8dselssamtale her<\/a><\/div>\n<\/div>\n\n\n\n<p class=\"wp-block-paragraph\"><\/p>\n","protected":false},"excerpt":{"rendered":"<p>EFTERF\u00d8DSELSMASSAGE Tiden efter f\u00f8dslen er smuk, intens og kr\u00e6vende. Din krop har pr\u00e6steret noget stort \u2013 og fortjener omsorg, ro og tid til at hele. Efterf\u00f8dselsmassage er en blid og n\u00e6nsom behandling, der st\u00f8tter kroppens restitution og giver dig et velfortjent pusterum. Massagen kan lindre sp\u00e6ndinger i nakke, skuldre, ryg og l\u00e6nd, som ofte opst\u00e5r &hellip; <\/p>\n<p class=\"link-more\"><a href=\"http:\/\/www.emmasjordemoderklinik.dk\/?page_id=144\" class=\"more-link\">L\u00e6s mere<span class=\"screen-reader-text\"> \u201cEfterf\u00f8dselsmassage\u201d<\/span><\/a><\/p>\n","protected":false},"author":1,"featured_media":0,"parent":0,"menu_order":0,"comment_status":"closed","ping_status":"closed","template":"","meta":{"_crdt_document":"","_inspiro_hide_title":false,"footnotes":""},"class_list":["post-144","page","type-page","status-publish","hentry"],"_links":{"self":[{"href":"http:\/\/www.emmasjordemoderklinik.dk\/index.php?rest_route=\/wp\/v2\/pages\/144","targetHints":{"allow":["GET"]}}],"collection":[{"href":"http:\/\/www.emmasjordemoderklinik.dk\/index.php?rest_route=\/wp\/v2\/pages"}],"about":[{"href":"http:\/\/www.emmasjordemoderklinik.dk\/index.php?rest_route=\/wp\/v2\/types\/page"}],"author":[{"embeddable":true,"href":"http:\/\/www.emmasjordemoderklinik.dk\/index.php?rest_route=\/wp\/v2\/users\/1"}],"replies":[{"embeddable":true,"href":"http:\/\/www.emmasjordemoderklinik.dk\/index.php?rest_route=%2Fwp%2Fv2%2Fcomments&post=144"}],"version-history":[{"count":8,"href":"http:\/\/www.emmasjordemoderklinik.dk\/index.php?rest_route=\/wp\/v2\/pages\/144\/revisions"}],"predecessor-version":[{"id":330,"href":"http:\/\/www.emmasjordemoderklinik.dk\/index.php?rest_route=\/wp\/v2\/pages\/144\/revisions\/330"}],"wp:attachment":[{"href":"http:\/\/www.emmasjordemoderklinik.dk\/index.php?rest_route=%2Fwp%2Fv2%2Fmedia&parent=144"}],"curies":[{"name":"wp","href":"https:\/\/api.w.org\/{rel}","templated":true}]}}